 -1074 = -2*j - z*y. Is j prime?
False
Suppose -4*j + 76 = 24. Let l = 13 - j. Suppose 0 = -4*d + 2*w + 2562, d - 644 = -3*w - l*w. Is d composite?
False
Suppose 3*b - 3*m - 233 = 109, 570 = 5*b - m. Suppose -2*v - 121 = v + 4*d, 3*v - 3*d = -93. Let z = b + v. Is z composite?
False
Let i be -1 + (3 - (-3)/(-1)). Let z(d) = 2915*d**2. Let q be z(i). Suppose 0*g = -5*g + q. Is g composite?
True
Let l(d) = -d - 1. Let p be l(-6). Suppose 4*n - 3*b = 3*n + 521, p*n - 2548 = -4*b. Suppose 521 = -3*y + 7*y - c, 4*y = 4*c + n. Is y a composite number?
False
Let j(b) = -b**3 - 11*b**2 - 12*b + 11. Let f be j(-10). Suppose -2*s + 7 = f. Let o = s + 139. Is o a composite number?
False
Let m = -141 - -83. Let q = -9 - m. Is q a composite number?
True
Suppose -5*l - 54719 = -12*l. Is l a prime number?
True
Suppose -3*j + 0 = 15, -4196 = 4*o - 4*j. Let y = 4509 + o. Is y prime?
False
Let g(f) = -3*f**3 + 4*f**2 + 3*f. Let m be g(-1). Suppose -8 = -5*w + 17, -m*t + 5*w + 931 = 0. Is t a prime number?
True
Let z be (1 - 5)/(3/(-51))*20. Suppose g - 2*t = t + 668, -2*t + z = 2*g. Is g a composite number?
False
Suppose 6*k - 6 = 4*k. Suppose 2*v = v + k*f + 647, -4*f + 633 = v. Is v a composite number?
False
Let q(y) be the first derivative of 57*y**2 - 17*y + 1. Is q(6) a prime number?
False
Let w = -43335 - -69776. Is w a composite number?
True
Suppose -4*o + 136789 = 5*k, 27373 = 14*k - 13*k - 3*o. Is k composite?
False
Let j(y) = -108*y + 179. Is j(-3) a prime number?
True
Suppose 0*d + 2*d - 5*k - 8307 = 0, 4*d - 16609 = 5*k. Is d a composite number?
True
Suppose -1630379 = -98*h + 743475. Is h a prime number?
True
Suppose 6230 = 5*v + 3*l + 1080, -3*v = 5*l - 3090. Let a = -691 + v. Is a composite?
True
Suppose -11*w = -25*w + 611254. Is w a composite number?
False
Let u(c) = -62*c + 39. Is u(-6) a composite number?
True
Let q be 6/(-9) + 16/6. Suppose -5*l = q*s - 3965, -3*l + 2388 = s + 2*s. Is l prime?
False
Is ((-68)/(-6))/(58/361311) prime?
False
Is ((-254078)/(-11) - -3) + -2 a prime number?
True
Let u = 106 + -229. Let j = 286 + u. Is j composite?
False
Is 1 + (-2702*(-9)/6 - 5) prime?
True
Let d = -50150 + 73051. Is d prime?
True
Let z = 16 - 14. Suppose 5*w - 29 = 3*w + 3*s, -5*w = z*s - 120. Is w a prime number?
False
Let v be (-4 + (-420)/5)*8/(-2). Let t = -61 + v. Is t a composite number?
True
Let x be -1 + 2/((-2)/2). Let g be (-4 - (-17)/1) + x. Is 150 - g/15*6 composite?
True
Suppose 4*b + 222 = b. Let o = b + 290. Suppose i - o = -x, -2*i + i + 4*x + 191 = 0. Is i a composite number?
False
Let d(u) be the first derivative of 24*u**2 - 3*u - 2. Let x = -21 - -26. Is d(x) composite?
True
Let f be 3/(((-3)/4)/1). Let j(m) = m**3 + 5*m**2 + 3*m - 4. Let a be j(f). Suppose a = 4*r - 97 - 51. Is r a composite number?
False
Suppose -3*f + 4221 = 4*f. Suppose f = 5*u - 2*s, u - 4*u = -s - 362. Is u a prime number?
False
Let s = 17 - 15. Suppose c + s*i - 4 = 0, -4*c - 5*i + 13 + 3 = 0. Suppose c*t = 4*m - 0*m + 1896, 3*t + 3*m = 1416. Is t a composite number?
True
Let m(y) = -6*y - 16. Let s be m(-6). Suppose -h = 4*h - s. Suppose 3*p - 6 = 0, -937 = -4*r - h*p + 683. Is r a composite number?
True
Let x(n) = -100*n - 91. Is x(-8) prime?
True
Suppose 14*k - 13*k = 4*u - 28373, 0 = -u - 5*k + 7088. Is u prime?
False
Let c = 313 - 176. Suppose 0*m + 4*m + 706 = 5*n, 5*m = n - c. Is n composite?
True
Suppose 12731 = 9*t - 12586. Is t a prime number?
False
Let s = -5801 - -8731. Suppose -s = -5*n - 5*m, 0*m + 1 = -m. Is n prime?
True
Suppose 13 - 3 = 2*v, 3*b - 3*v + 9 = 0. Let g(q) = -500*q**2 - 9*q + 2. Let z(l) = 250*l**2 + 4*l - 1. Let d(n) = b*g(n) + 5*z(n). Is d(1) prime?
True
Suppose 5*l = -4*p - 24, -10 = -5*p + 10. Is (1591 - 3)*(-2)/l prime?
True
Suppose 2*d = -1511 + 4009. Is d a composite number?
False
Let h(x) = -28*x**3 - 2*x**2 + x. Let d be h(1). Let i be (-1 - d/(-2))*-4. Let l = 136 - i. Is l a composite number?
True
Let t(d) = -d. Let k(h) = 49*h + 4. Let i(j) = k(j) - 2*t(j). Suppose 8 + 17 = 5*m. Is i(m) prime?
False
Let f be (-60)/(-25) + (-4)/10. Let t(c) = 2*c + 8*c + 17*c + f*c. Is t(5) composite?
True
Let v = -12 + 15. Suppose -4*b - 5*j + 15 = 0, v*b - 2*j - 19 = 2*j. Suppose -b*k + 2*o = -8457, 0 = k + 3*k + 3*o - 6784. Is k composite?
False
Suppose -8 + 0 = -4*j. Let y be 2*(-1)/((-6964)/(-1742) + -4). Suppose -3*a + j*p - 3*p + 648 = 0, 4*a = p + y. Is a composite?
True
Let r = 4 + 4. Let c(x) = x - 5. Let z be c(r). Suppose 63 = z*q - 198. Is q a prime number?
False
Let f(q) = 13*q**2 - 9*q + 7. Let b be ((-4)/(-12))/(3/(-63)). Is f(b) a composite number?
True
Suppose -3*y = -4*v + 4808, -5*y = -0*y - 20. Suppose 4*t - 5*h = v, -860 = -5*t + 2*t - 5*h. Is t prime?
False
Let g(s) = 4*s**2 - 3*s - 5. Suppose -4*z = -33 + 5. Let t = z - 11. Is g(t) a prime number?
True
Let x(p) = 3*p**2 - 4*p + 7. Let n be x(-5). Suppose -27*f = -24*f - n. Suppose 0 = -4*u + s + 54 + f, -u = 2*s - 31. Is u composite?
False
Suppose -2*t + 9 + 27 = 0. Let w = 10 - t. Is 4*(-4)/w + 32 composite?
True
Suppose 0 = j - 5*o - 9368, -4*o = 45*j - 41*j - 37544. Is j a composite number?
True
Let i be (-5)/(-6) + 7/168*4. Is (6 + -5)*(942 - i) a composite number?
False
Let j = -38 - -36. Let r(b) = -1369*b + 5. Is r(j) a prime number?
False
Suppose -43*t - 771069 = -94*t. Is t a prime number?
False
Suppose 7*w - 2*w + 4*k = -12, -2*k = 6. Suppose -8*m + 5*m + 1185 = w. Is m composite?
True
Suppose 20*f - 2*f - 284670 = 0. Is f a prime number?
False
Let z = -155 + 163. Suppose -z*c + 4*c - 2*i = -2074, c - 505 = 4*i. Is c a prime number?
False
Suppose -151 = -o - 5*u, -3*o - 2*u - 782 = -8*o. Let j = o + -137. Is j a composite number?
False
Suppose 3803 = n - 5*b, -b - 3795 = -6*n + 5*n. Is n composite?
False
Let a(l) = 2*l**2 + 16*l - 4*l**2 + 89 - 102. Is a(6) a composite number?
False
Let q be 0*-3*3/18. Suppose 6*k - 4008 - 14598 = q. Is k a prime number?
False
Suppose 3165 = -4*y + 19*y. Is y a composite number?
False
Let h = 3241 - 164. Is h a prime number?
False
Let i = -12 + 15. Suppose -97 = -z + 3*l, i*z - 2*l - 252 = -6*l. Suppose 0 = -t - 3*t + z. Is t prime?
False
Let n(x) = 14*x - 10. Let p be n(-6). Let s = p - -681. Is s a prime number?
True
Let b = -17 + 23. Let c = 6 - b. Suppose c = -5*s + 65 - 10. Is s prime?
True
Let d(j) = 5008*j + 21. Is d(2) a prime number?
True
Let u = -12 + 8. Let h be (-2)/((u/42)/2). Suppose 7 + h = y. Is y prime?
False
Suppose -5*q = -1 + 116. Let k = 45 + q. Suppose -v = -k - 100. Is v composite?
True
Let i(x) = 6*x**2 + 2*x + 9. Is i(13) composite?
False
Let x(u) = -u**2 - 5*u - 7. Let v be x(-3). Let d be -5 + 0 + (-1)/v. Is (331/(-4) - 0)*d a prime number?
True
Suppose -5*w + 19 = -l, -4*w - 4*l + 8*l = -28. Suppose 5*p - w*p = -5*h + 3668, -4*h - 8 = 0. Is p a prime number?
False
Let c = -268 + 677. Is c a prime number?
True
Let t = -43 - -21. Let j = t + 26. Suppose -s = j*y - y - 306, s - 301 = 2*y. Is s a prime number?
False
Let z be (6/2 + 0)*1. Suppose -359 = -y - w - z*w, 2*y + 4*w - 706 = 0. Is y composite?
False
Let x be 417*(-3)/(-27)*-15. Is 3/(0 - 15/x) composite?
False
Let j(y) = -y + 113. Let f be 3 - (-15)/(-3 + 0). Let b be 0/(-3 - 1 - f). Is j(b) composite?
False
Suppose 2*b = -b + 375. Let h = 416 + b. Is h a composite number?
False
Let h(j) = 13*j**3 + 2*j**2 - 47*j + 41. Is h(18) a composite number?
False
Is 3 + (5 - (-35660)/4) composite?
False
Suppose -4 - 16 = 5*q, 2*q + 254 = g. Suppose g + 449 = 5*w. Is w prime?
True
Suppose 6*d = 2*v + d + 23, -4*d = 5*v - 25. Let b(o) = 1187*o**2 + 4*o - 4. Is b(v) a prime number?
True
Suppose s = 3*s - 2184. Let c be (-10)/(-1)*(-2)/(-4). Suppose c*y = 243 + s. Is y prime?
False
Suppose 0 = 11*u - 36278 + 11121. Is u a prime number?
True
Suppose 3*t - 10 = -2*t, 3*r + 5*t = 94. Let z be r*((-205)/2 + -3). Is (3/6)/((-7)/z) prime?
True
Let j = -32212 + 55815. Is j prime?
True
Let f(j) = 354*j**2 + 4*j - 11. Is f(4) prime?
True
Let w = 7196 + 5997. Is w composite?
True
Let t = 28 - 24. Suppose -t*d + 1476 = 4*r, 236 + 508 = 2*d - r. Is d a composite number?
True
Let w be 3/(-6)*(5 - 3). Let u be 4 - (w - -2)*-1. Suppose 234 + 321 = u*n. Is n prime?
False
Let q = -1698 + 5291. Is q a composite number?
False
Suppose 0 = -5*h + 21*h - 39454